{"id":145,"date":"2019-11-08T15:05:15","date_gmt":"2019-11-08T15:05:15","guid":{"rendered":"http:\/\/engelbrecht-yachtservice.com\/?page_id=145"},"modified":"2023-12-11T09:27:58","modified_gmt":"2023-12-11T09:27:58","slug":"heizung-und-klimaanlagen","status":"publish","type":"page","link":"https:\/\/engelbrecht-yachtservice.com\/?page_id=145","title":{"rendered":"Heizung- und Klimaanlagen"},"content":{"rendered":"\n<p class=\"has-medium-font-size\"><strong>Heizsysteme<\/strong><\/p>\n\n\n\n<p>Wenn man bei kaltem Wetter unterwegs ist, braucht man eine zuverl\u00e4ssige Ausr\u00fcstung. Mit einer Heizung &nbsp;von Webasto, k\u00f6nnen Sie sich auf bew\u00e4hrte Heizl\u00f6sung verlassen. &nbsp;Modernste Technik macht es m\u00f6glich, energieeffizient und umweltfreundlich Ihr Boot auf wohlig warme Temperatur zu heizen. Zus\u00e4tzlich bieten wir Ihnen die M\u00f6glichkeit, noch vor betreten Ihres Bootes &nbsp;die Heizung einzuschalten, um f\u00fcr eine angenehme Temperatur zu sorgen.<\/p>\n\n\n\n<div class=\"wp-block-columns is-layout-flex wp-container-core-columns-is-layout-9d6595d7 wp-block-columns-is-layout-flex\">\n<div class=\"wp-block-column is-layout-flow wp-block-column-is-layout-flow\">\n<div class=\"wp-block-media-text alignwide is-stacked-on-mobile is-vertically-aligned-bottom\" style=\"grid-template-columns:25% auto\"><figure class=\"wp-block-media-text__media\"><img fetchpriority=\"high\" decoding=\"async\" width=\"300\" height=\"169\" src=\"https:\/\/engelbrecht-yachtservice.com\/wp-content\/uploads\/2022\/02\/Air-Top-air-heaters__gallery__1-1-300x169.jpg\" alt=\"\" class=\"wp-image-360 size-medium\" srcset=\"https:\/\/engelbrecht-yachtservice.com\/wp-content\/uploads\/2022\/02\/Air-Top-air-heaters__gallery__1-1-300x169.jpg 300w, https:\/\/engelbrecht-yachtservice.com\/wp-content\/uploads\/2022\/02\/Air-Top-air-heaters__gallery__1-1-1024x576.jpg 1024w, https:\/\/engelbrecht-yachtservice.com\/wp-content\/uploads\/2022\/02\/Air-Top-air-heaters__gallery__1-1-768x432.jpg 768w, https:\/\/engelbrecht-yachtservice.com\/wp-content\/uploads\/2022\/02\/Air-Top-air-heaters__gallery__1-1-1536x864.jpg 1536w, https:\/\/engelbrecht-yachtservice.com\/wp-content\/uploads\/2022\/02\/Air-Top-air-heaters__gallery__1-1.jpg 1920w\" sizes=\"(max-width: 300px) 100vw, 300px\" \/><\/figure><div class=\"wp-block-media-text__content\">\n<p class=\"has-normal-font-size\"><strong>Luftheizungen<\/strong> sorgen \u00fcber entsprechende Leitungsrohre f\u00fcr eine schnelle Warmluftverteilung auf dem gesamten Boot. Zudem sind sie \u00e4u\u00dferst kompakt und leicht nachzur\u00fcsten.  <\/p>\n<\/div><\/div>\n<\/div>\n<\/div>\n\n\n\n<div class=\"wp-block-media-text alignwide has-media-on-the-right is-stacked-on-mobile\" style=\"grid-template-columns:auto 25%\"><figure class=\"wp-block-media-text__media\"><img decoding=\"async\" width=\"1024\" height=\"576\" src=\"https:\/\/engelbrecht-yachtservice.com\/wp-content\/uploads\/2022\/02\/Thermo-Pro-90__gallery__1-1-1024x576.jpg\" alt=\"\" class=\"wp-image-366 size-full\" srcset=\"https:\/\/engelbrecht-yachtservice.com\/wp-content\/uploads\/2022\/02\/Thermo-Pro-90__gallery__1-1-1024x576.jpg 1024w, https:\/\/engelbrecht-yachtservice.com\/wp-content\/uploads\/2022\/02\/Thermo-Pro-90__gallery__1-1-300x169.jpg 300w, https:\/\/engelbrecht-yachtservice.com\/wp-content\/uploads\/2022\/02\/Thermo-Pro-90__gallery__1-1-768x432.jpg 768w, https:\/\/engelbrecht-yachtservice.com\/wp-content\/uploads\/2022\/02\/Thermo-Pro-90__gallery__1-1-1536x864.jpg 1536w, https:\/\/engelbrecht-yachtservice.com\/wp-content\/uploads\/2022\/02\/Thermo-Pro-90__gallery__1-1.jpg 1920w\" sizes=\"(max-width: 1024px) 100vw, 1024px\" \/><\/figure><div class=\"wp-block-media-text__content\">\n<p class=\"has-normal-font-size\"><strong>Wasserheizungen<\/strong> stellen die beste L\u00f6sung f\u00fcr eine gleichm\u00e4\u00dfige W\u00e4rmeverteilung. F\u00fcr eine komplette Klimal\u00f6sung k\u00f6nnen sie zudem an herk\u00f6mmliche Wasserboiler oder Chiller Klimaanlagen angeschlossen werden. <\/p>\n<\/div><\/div>\n\n\n\n<div class=\"wp-block-columns is-layout-flex wp-container-core-columns-is-layout-9d6595d7 wp-block-columns-is-layout-flex\">\n<div class=\"wp-block-column is-layout-flow wp-block-column-is-layout-flow\"><\/div>\n<\/div>\n\n\n\n<p class=\"has-medium-font-size\"><strong>Klimaanlagen<\/strong><\/p>\n\n\n\n<div class=\"wp-block-columns is-layout-flex wp-container-core-columns-is-layout-9d6595d7 wp-block-columns-is-layout-flex\">\n<div class=\"wp-block-column is-layout-flow wp-block-column-is-layout-flow\">\n<p>Auch an hei\u00dfen Sommertagen bieten Ihnen unsere Klimal\u00f6sungen angenehme Temperaturen an Bord. Grade in den Abendstunden wenn sich der Wind legt und die Kabinen vom Tag aufgeheizt sind, kann eine Klimaanlage f\u00fcr angenehme Temperaturen in der Nacht sorgen.<\/p>\n\n\n\n<p>Wir bieten umfangreiche L\u00f6sung von Kompakt bis Chiller-Klimaanlagen. <\/p>\n<\/div>\n<\/div>\n\n\n\n<div class=\"wp-block-columns is-layout-flex wp-container-core-columns-is-layout-9d6595d7 wp-block-columns-is-layout-flex\">\n<div class=\"wp-block-column is-layout-flow wp-block-column-is-layout-flow\"><\/div>\n<\/div>\n\n\n\n<div class=\"wp-block-columns is-layout-flex wp-container-core-columns-is-layout-9d6595d7 wp-block-columns-is-layout-flex\">\n<div class=\"wp-block-column is-vertically-aligned-center is-layout-flow wp-block-column-is-layout-flow\">\n<div class=\"wp-block-media-text alignwide is-stacked-on-mobile is-vertically-aligned-top\" style=\"grid-template-columns:27% auto\"><figure class=\"wp-block-media-text__media\"><img decoding=\"async\" width=\"583\" height=\"430\" src=\"https:\/\/engelbrecht-yachtservice.com\/wp-content\/uploads\/2022\/02\/Klima-Compact-2.jpg\" alt=\"\" class=\"wp-image-355 size-full\" srcset=\"https:\/\/engelbrecht-yachtservice.com\/wp-content\/uploads\/2022\/02\/Klima-Compact-2.jpg 583w, https:\/\/engelbrecht-yachtservice.com\/wp-content\/uploads\/2022\/02\/Klima-Compact-2-300x221.jpg 300w\" sizes=\"(max-width: 583px) 100vw, 583px\" \/><\/figure><div class=\"wp-block-media-text__content\">\n<p><strong>Kompakt-Klimaanlagen<\/strong> stellen die ideale L\u00f6sung f\u00fcr Boote mit bis zu drei Kabinen dar. Dabei wird in jeder Kabine eine Anlage installiert, die je nach K\u00fchl-\/Heizbedarf der jeweiligen Kabine bemessen ist.<\/p>\n<\/div><\/div>\n<\/div>\n<\/div>\n\n\n\n<div class=\"wp-block-media-text alignwide has-media-on-the-right is-stacked-on-mobile is-vertically-aligned-top\" style=\"grid-template-columns:auto 30%\"><figure class=\"wp-block-media-text__media\"><img loading=\"lazy\" decoding=\"async\" width=\"530\" height=\"359\" src=\"https:\/\/engelbrecht-yachtservice.com\/wp-content\/uploads\/2022\/02\/Klima-Chiller.jpg\" alt=\"\" class=\"wp-image-372 size-full\" srcset=\"https:\/\/engelbrecht-yachtservice.com\/wp-content\/uploads\/2022\/02\/Klima-Chiller.jpg 530w, https:\/\/engelbrecht-yachtservice.com\/wp-content\/uploads\/2022\/02\/Klima-Chiller-300x203.jpg 300w\" sizes=\"(max-width: 530px) 100vw, 530px\" \/><\/figure><div class=\"wp-block-media-text__content\">\n<p><strong>Chiller-Klimaanlagen<\/strong> sind die beste Wahl f\u00fcr gr\u00f6\u00dfere Boote mit mehr als drei Kabinen.  Dabei wird in der Regel die Bootsklimaanlage im Maschinenraum und pro Kabine jeweils ein Gebl\u00e4sew\u00e4rmetauscher installiert. Dadurch haben Sie in jeder Kabine die volle Temperatur\u00fcberwachung.<\/p>\n<\/div><\/div>\n\n\n\n<div class=\"wp-block-columns is-layout-flex wp-container-core-columns-is-layout-9d6595d7 wp-block-columns-is-layout-flex\">\n<div class=\"wp-block-column is-layout-flow wp-block-column-is-layout-flow\"><\/div>\n<\/div>\n\n\n\n<p class=\"has-normal-font-size\"><strong>Hinwies<\/strong>:<\/p>\n\n\n\n<p class=\"has-normal-font-size\">Klimaanlagen k\u00f6nnen bis zu einer Wassertemperatur von 10\u00b0C auch als Heizung genutzt werden. Sollten Sie vorhaben bei niedrigeren Temperaturn noch auf dem Wasser unterwegs zu sein, k\u00f6nnen Webasto Wasserheizsysteme auch in den Klimaanlagenkreislauf mit eingebunden werden. \u00a0\u00a0\u00a0\u00a0\u00a0\u00a0\u00a0\u00a0\u00a0\u00a0<\/p>\n\n\n\n<div class=\"wp-block-columns is-layout-flex wp-container-core-columns-is-layout-9d6595d7 wp-block-columns-is-layout-flex\">\n<div class=\"wp-block-column is-layout-flow wp-block-column-is-layout-flow\"><\/div>\n<\/div>\n\n\n\n<p><\/p>\n","protected":false},"excerpt":{"rendered":"<p>Heizsysteme Wenn man bei kaltem Wetter unterwegs ist, braucht man eine zuverl\u00e4ssige Ausr\u00fcstung. Mit einer Heizung &nbsp;von Webasto, k\u00f6nnen Sie sich auf bew\u00e4hrte Heizl\u00f6sung verlassen. &nbsp;Modernste Technik macht es m\u00f6glich, energieeffizient und umweltfreundlich Ihr Boot auf wohlig warme Temperatur zu heizen. Zus\u00e4tzlich bieten wir Ihnen die M\u00f6glichkeit, noch vor betreten Ihres Bootes &nbsp;die Heizung einzuschalten, [&hellip;]<\/p>\n","protected":false},"author":1,"featured_media":336,"parent":130,"menu_order":2,"comment_status":"closed","ping_status":"closed","template":"","meta":{"footnotes":""},"class_list":["post-145","page","type-page","status-publish","has-post-thumbnail","hentry"],"_links":{"self":[{"href":"https:\/\/engelbrecht-yachtservice.com\/index.php?rest_route=\/wp\/v2\/pages\/145","targetHints":{"allow":["GET"]}}],"collection":[{"href":"https:\/\/engelbrecht-yachtservice.com\/index.php?rest_route=\/wp\/v2\/pages"}],"about":[{"href":"https:\/\/engelbrecht-yachtservice.com\/index.php?rest_route=\/wp\/v2\/types\/page"}],"author":[{"embeddable":true,"href":"https:\/\/engelbrecht-yachtservice.com\/index.php?rest_route=\/wp\/v2\/users\/1"}],"replies":[{"embeddable":true,"href":"https:\/\/engelbrecht-yachtservice.com\/index.php?rest_route=%2Fwp%2Fv2%2Fcomments&post=145"}],"version-history":[{"count":29,"href":"https:\/\/engelbrecht-yachtservice.com\/index.php?rest_route=\/wp\/v2\/pages\/145\/revisions"}],"predecessor-version":[{"id":393,"href":"https:\/\/engelbrecht-yachtservice.com\/index.php?rest_route=\/wp\/v2\/pages\/145\/revisions\/393"}],"up":[{"embeddable":true,"href":"https:\/\/engelbrecht-yachtservice.com\/index.php?rest_route=\/wp\/v2\/pages\/130"}],"wp:featuredmedia":[{"embeddable":true,"href":"https:\/\/engelbrecht-yachtservice.com\/index.php?rest_route=\/wp\/v2\/media\/336"}],"wp:attachment":[{"href":"https:\/\/engelbrecht-yachtservice.com\/index.php?rest_route=%2Fwp%2Fv2%2Fmedia&parent=145"}],"curies":[{"name":"wp","href":"https:\/\/api.w.org\/{rel}","templated":true}]}}